ens digit of z(r)?
1
Let z(c) = -c**3 + 3*c**2 + 3*c - 1. Let u be z(4). Let a(i) = i**3 + 5*i**2 - 7*i - 2. What is the units digit of a(u)?
3
Suppose 3*o + 4*w = 27, 2*o - 16 = -5*w + 9. Suppose 0 = o*g + 1 - 11. What is the units digit of g?
2
Let u(p) = -p**3 + 6*p**2 + 7*p + 10. Let t(i) = i**3 - i**2 - i + 7. Let n be t(0). What is the units digit of u(n)?
0
Let j(b) = b**2 + 9*b + 10. Let p be j(-7). Let g be p*(3 - 81/12). What is the tens digit of (-2 + g/9)*-39?
1
Let p(j) = -38*j - 2. Let d be p(-1). Let i = d + -17. What is the units digit of i?
9
Suppose 0 = -6*p - 0*p + 180. What is the tens digit of p?
3
Suppose y = 2*y - 47. What is the units digit of y?
7
Let o(d) = -d**3 - 5*d**2 - 2*d - 7. Let q be (-171)/33 + (-4)/(-22). Let m be o(q). Suppose n - 6 = -2*b + 1, 2*n = m*b - 14. What is the units digit of b?
4
Let h(n) = 9*n + 6. What is the units digit of h(1)?
5
Let x = -28 + 48. What is the units digit of x?
0
Let w(k) = -k + 18. Let b be w(14). Suppose -b*i = i - 115. What is the tens digit of i?
2
Let c(p) = 5*p. Suppose -3*u + 3 = w - 1, -2*u - 5*w = 6. Suppose -u*h + 6 = -0*h. What is the units digit of c(h)?
5
Let o(q) = q**3 + 7 - 8 + 2*q**2 - 2*q**3. Let v(j) = -j**2 - 7*j + 6. Let k be v(-8). What is the tens digit of o(k)?
1
Let r(m) = -29*m**2 - 2*m. Let g(w) = -w. Let p(i) = g(i) - r(i). What is the tens digit of p(-1)?
2
Let w = -22 + 32. Let b(o) = o**2 - 5*o + 3. Let s be b(7). Let f = s - w. What is the units digit of f?
7
Suppose k + 1 - 3 = 0. Suppose 4*q = k*q + 8. Suppose -t + q = 3*t. What is the units digit of t?
1
Suppose 4*j - 86 = -5*o - 8, o + j = 16. Let d = o - 13. What is the units digit of d?
1
Let j = 8 + 16. What is the tens digit of j?
2
Let u(k) = k - 3. What is the units digit of u(10)?
7
Suppose 4*y - r = -5*r + 252, y = r + 55. What is the units digit of y?
9
Let c = 8 - 3. Suppose 2*w + 5*u = -3 - 10, -2*u = w + 5. Suppose -c*m = -w - 4. What is the units digit of m?
1
Let y(n) = -n**2 + 6*n - 1. Let k be y(5). What is the units digit of (16/(-20))/(k/(-10))?
2
Let h(s) = -s**3 + 13*s**2 - 11*s - 8. Let b be h(12). Suppose 4*o - 2*u - 3*u - 19 = 0, 26 = 4*o + 2*u. What is the units digit of ((-28)/(-6))/(b/o)?
7
Let w = 4 - 9. Let i(x) = x**3 + 6*x**2 + 5*x - 5. Let d be i(w). Let p = d - -8. What is the units digit of p?
3
Let i = -5 - -5. Suppose -3*g + i*g = -3. Suppose 3*d - 11 = g. What is the units digit of d?
4
Let j(m) = -m**2 - 12*m. What is the units digit of j(-6)?
6
Let p(l) = 2*l - 8. Suppose 2*m - 6 - 12 = 0. What is the units digit of p(m)?
0
Suppose 0 = k + 2*p + 3 + 16, 5*k = p - 128. Let q = 34 + k. What is the units digit of q?
9
Suppose -f + 118 = 3*o, 0 = o + o + 4*f - 62. What is the units digit of o?
1
Let m(a) = -3*a - 4. Let r be m(-3). Let c(q) = 0*q**2 - 4*q + q**2 + 0*q. What is the units digit of c(r)?
5
Let p(y) = -4*y + 2. Let r = -9 - -1. What is the units digit of p(r)?
4
Suppose 0 = -3*x + 3, -4*r - 3*x - 5 = -16. Suppose c + r*c = 12. What is the units digit of (c - 2)*(-4)/(-8)?
1
Suppose 0 = 3*c - 2*l + 7, -l = -4*c - 6*l - 17. Let f be 1/(-6)*c*10. Let d = 6 - f. What is the units digit of d?
1
Suppose -2*g = -5*n - 319, -3*g - 3*n + 444 = n. What is the units digit of g?
2
Let z(b) = b**3 - 3*b**2 + 3*b - 2. Let w be z(4). Suppose 0*i - 4*i + 8 = 0. Suppose w = 5*s - i*k - 64, s = 4*k. What is the units digit of s?
0
Suppose a = -4*i + 32, 5*i + 0*a = 5*a + 15. Let h = i - 4. What is the units digit of h?
3
What is the tens digit of (12/(-30))/(2/(-200))?
4
Let p be 4/(-14) - (-6)/21. Let i(f) = f**3 - f + 9. What is the units digit of i(p)?
9
Suppose -2 = 3*m - 4*m. Suppose u - 32 = -m. What is the units digit of u?
0
Suppose -4*o + o + 18 = 0. What is the units digit of o?
6
Suppose -3*l + 148 = 5*g, -4*g - 58 = -l + 14. What is the tens digit of l?
5
Let j = -2 + -2. Let g = j - -3. What is the units digit of (3 - g)*2/2?
4
Suppose 0 = 5*z - x + 51, -30 = 5*z + 4*x + 16. What is the tens digit of (18/z)/((-18)/120)?
1
Suppose 0*i = 3*i - 117. Suppose 0 = 3*t - 3 - i. What is the tens digit of t?
1
Let a(p) be the second derivative of p**7/2520 - p**6/144 + p**5/30 + p**4/6 + 3*p. Let u(w) be the third derivative of a(w). What is the tens digit of u(6)?
1
What is the units digit of 0/(-1 + -5) - -186?
6
Suppose -5*i + 7 = -8. Suppose -140 = i*v + v. What is the units digit of v/(-20) - (-1)/4?
2
Suppose -6*f - 9 = -3*f. What is the tens digit of -1 - -13*(-3)/f?
1
Suppose -4*m + 4*n - 4 = -5*m, 4*m - 3*n = 54. Let i = m + -6. What is the units digit of i?
6
Let v be (2 - -2) + 2 + 2. Let q = 14 - v. What is the units digit of q?
6
Let n(r) = -r + 1. Let h(y) = -2*y**2 + 9*y - 10. Let g(t) = -2*h(t) - 18*n(t). Let i be 24/10 - 4/10. What is the tens digit of g(i)?
1
Let m be ((-19)/1 - 0)/(-1). Suppose v - 39 = -4*z, 2*v - 29 = -2*z + m. What is the tens digit of v?
1
Suppose 0*d = 5*d - 25. Let n = 0 - 2. Let x = d + n. What is the units digit of x?
3
Suppose 5*u = 3*u + 4. Suppose 2*z - 2 = u. Let a = -1 + z. What is the units digit of a?
1
Let g(b) = b - 1. Let j be g(-9). What is the units digit of (12/j)/(2/(-15))?
9
Suppose 2*l + 80 = 6*l. What is the units digit of l?
0
Suppose -5*p - 245 = -5*k, -5*k - 2*p + 252 = -0*p. What is the tens digit of k?
5
Let j be 2/(-2 - -3) + -2. Suppose j = -0*k + k - 19. What is the tens digit of k?
1
Let w(f) = 5 - 1 + 0*f - 2 + f. Let t be w(-6). What is the units digit of (14/7)/(t/(-22))?
1
Suppose 3 + 3 = -2*f. Let i = f - -11. What is the units digit of (-26)/(-8) + 6/i?
4
Suppose -2*x - 135 = -5*o + 2*o, -2*x = 3*o - 135. What is the tens digit of o?
4
Let s = 23 + -19. Suppose 5*d = -s*h + 101, 3*h - 52 = d - 0*d. What is the tens digit of h?
1
Let p(h) be the third derivative of h**6/120 - h**5/15 + h**4/12 - h**3/6 + 2*h**2. Let b be p(4). What is the units digit of (-2)/b - (-120)/28?
4
Suppose 3*f = 6*f - 84. Suppose 0 = -4*g + 3*u - 41, u - 2*u = 5. Let l = g + f. What is the tens digit of l?
1
Let u be 60/33 - (-4)/22. Suppose y - u = 1. Suppose 5*g = -2*z + 33, -4*g + 2*z - y = -3*g. What is the units digit of g?
5
Let c(r) = 5*r - 23. Let d(m) = -m + 1. Let t(j) = -c(j) - 6*d(j). Let g(v) = -v**3 - 5*v**2 + 7*v + 6. Let p be g(-6). What is the tens digit of t(p)?
1
Suppose 13 = -4*j + 137. What is the tens digit of j?
3
Suppose 25 = -5*q, 0*c - 1 = 2*c + 5*q. What is the units digit of c?
2
Suppose -5*f + 172 - 32 = 0. Suppose 0 = 4*o + p - f, 4*o - 14 = 2*o + 2*p. What is the units digit of o?
7
What is the units digit of (-11)/(-7) - 15/(-35)?
2
Let j = 0 + 9. What is the units digit of j?
9
Let k(d) = d + 1. Suppose 0*n = -5*n. What is the units digit of k(n)?
1
What is the units digit of ((-62)/(-155))/(1/210)?
4
Let h(o) be the third derivative of -o**5/60 - 7*o**4/24 + 3*o**3/2 - o**2. What is the units digit of h(-7)?
9
Let x(q) = 19*q + 97. What is the tens digit of x(8)?
4
Suppose -t + 0 + 7 = 0. What is the units digit of t?
7
Let u = 31 + 11. What is the units digit of u?
2
Let x(t) be the third derivative of -1/12*t**4 - 1/3*t**3 + 1/30*t**5 + 2*t**2 + 0 + 0*t. What is the tens digit of x(-2)?
1
Suppose 0 = -0*z + 2*z - 138. Suppose -z = -4*j - 9. What is the tens digit of j?
1
Suppose 4*v = -0 + 8. Suppose 5*f = -5*u + 25, 0 = -v*f + 2*u - 9 + 3. What is the units digit of f?
1
Suppose 5*h - 18 = 7, 0 = -2*l - 4*h + 98. What is the units digit of l?
9
Let v(c) = c**2 - c - 2. Let y be v(-2). What is the units digit of 9/(-6)*y/(-3)?
2
Suppose -3*a + 0 = -2*s - 22, 0 = 3*s - 3. Suppose -2 + a = 3*r. Suppose -3 = -r*t + 1. What is the units digit of t?
2
Let a(d) = 2*d**3 + 3*d**2 - 2. Let v be a(3). Suppose -4 = 2*r + 2*r, v = 4*t + 5*r. What is the tens digit of t?
2
Let j(r) be the second derivative of r**4/6 + r**3/3 - r**2 + 3*r. Let w be j(3). Suppose 5*k = 3*k + w. What is the units digit of k?
1
Suppose 3*b - 648 = -3*p, -b + 5*b - 2*p - 852 = 0. What is the units digit of b?
4
Let b be 3/(3 - 0)*0. Suppose b = 4*z - 0*z. Suppose -p - 4 + 17 = z. What is the tens digit of p?
1
Suppose -u + 4*r + 101 = 0, r + 174 = -u + 3*u. What is the tens digit of u?
8
Let x = 296 + -208. What is the tens digit of x?
8
Let g(t) = -4*t**2 - 3*t - 1. Let k be g(-4). What is the units 